 28. Let s = h - 6. Suppose 0 = -5*g + s*g + 62. What are the prime factors of g?
31
What are the prime factors of 2 + 29093 - (-1057)/(-151)?
2, 3, 101
Let v be (4/18 - (-385)/90)*2. Let x(y) = -y**3 + 19*y**2 + 3*y - 102. List the prime factors of x(v).
3, 5, 7
Let r be ((-27)/15 + 3)/((-2)/(-70)). Let g = 44 - r. Suppose -g*j + 2*h + 3 = j, 18 = 4*j + 2*h. What are the prime factors of j?
3
Let d = 18237 + 17814. List the prime factors of d.
3, 61, 197
Suppose -10*l = -0*l. Suppose 3*a + h = 6*a + 12, l = 2*a - 2*h + 4. List the prime factors of 46/(5 + (a - -2)).
23
Let x(d) = 21*d**2 - 3 - 58*d - 12 - d**3 - 8 + 2*d**3. What are the prime factors of x(-23)?
11, 23
Let j = -43 - -50. Let l be (0 - -20) + -4 + (j - 3). What are the prime factors of (-594)/(-45)*l/6?
2, 11
Suppose -12 = 4*g, 7*i = 4*i - 2*g - 66. List the prime factors of 27 - (-2)/8*i.
2, 11
Let r(h) = -2*h**2 - 72*h - 2 - 29*h**3 + 75*h + 107*h**3. Suppose 6*y = 9*y - 3. List the prime factors of r(y).
7, 11
Let i(v) = -v**3 - 3*v**2 - 3*v - 5. Let g be i(-3). Let c be 138 - g/((-20)/5). Suppose -k - 275 = -4*m, 4*k = 2*m + 3*k - c. List the prime factors of m.
2, 17
Suppose -12*f + 40749 = -10419. List the prime factors of f.
2, 13, 41
Let h(x) be the first derivative of 43*x**2 + 44*x + 118. List the prime factors of h(3).
2, 151
Let b = -11021 - -27817. What are the prime factors of b?
2, 13, 17, 19
Suppose 938844 = 18*f - 3*d, -5*f - 2*d = -0*d - 260807. List the prime factors of f.
43, 1213
Suppose -2*l - 3*m + 0*m + 24 = 0, 36 = 3*l - 3*m. Let o = l + -65. Let t = -36 - o. List the prime factors of t.
17
Let z = -51 - -59. Let g be -28*2*(-2)/z*-8. List the prime factors of (4 - g)/1 + -2.
2, 3, 19
Let i be ((-164)/24 - 7) + 3/(-18). What are the prime factors of ((-9180)/63)/(2/i)?
2, 3, 5, 17
Let r(d) be the third derivative of -2/3*d**3 - 11*d**2 + 5/24*d**4 + 0*d + 0 + 1/10*d**5. What are the prime factors of r(3)?
5, 13
What are the prime factors of 0 + (-80376)/(-60) - 6*(-2)/(-20)?
13, 103
Suppose 366581 = 44*g - 797440 + 354905. List the prime factors of g.
7, 37, 71
Let j(i) = -2503*i**3 - 6*i - 4. List the prime factors of j(-2).
2, 313
Let w = 2158 - 1413. Suppose -17*l - w = -22*l. List the prime factors of l.
149
Let w = 111 + 27. Let p be (-1 - 9/(-12)) + (-1386)/(-264). Suppose 7*l - w = p*l. List the prime factors of l.
3, 23
Suppose 0 = 16*v + 3 - 3. What are the prime factors of v/(5/(15/(-9))) - -666?
2, 3, 37
Suppose 56 + 72 = 2*m + 4*j, -3*m + 5*j + 159 = 0. Suppose -5*b = -0*b - 530. Let l = b - m. What are the prime factors of l?
2, 3
Let q(x) = 13001*x - 5206. What are the prime factors of q(5)?
3, 31, 643
Let o = -7236 + 7093. Let h = -408 + 193. Let f = o - h. List the prime factors of f.
2, 3
Suppose 0 = -t - 5, -3*m + 4 = -4*m + 4*t. Let j = m + 27. Suppose -j*w - 3*n + 18 = 0, 2 + 3 = -5*n. List the prime factors of w.
7
Let q(l) = -l + 9942. List the prime factors of q(0).
2, 3, 1657
Let m = -221 + 229. Suppose 1683 = m*i - 509. List the prime factors of i.
2, 137
Let u be 20/35 + 188082/63. Let g = u + -1633. List the prime factors of g.
3, 11, 41
Let a(v) = -7*v + 16. Let b be a(-9). Suppose -181 = 5*m - c, -b = 3*m - 5*c + 12. Let w = 47 - m. List the prime factors of w.
2, 3, 7
Let t(c) = -332*c + 158. Let y be t(-10). Suppose -3*s = -2*n + 1730, -3*s = 4*n - 0*s - y. List the prime factors of n.
2, 7, 31
List the prime factors of 54/12*6294/9.
3, 1049
List the prime factors of -7 + (85355 - -6) + 9 + 0.
85363
Let p(r) = r**3 + 6*r**2 - 3*r - 38. Let f be p(-5). Suppose -4*m + 1301 = 3*o, 0*o - f*o + 872 = -2*m. Let l = o + -284. List the prime factors of l.
151
Suppose -15*k + 125966 = -24439. What are the prime factors of k?
37, 271
Suppose 10*h - 24365 = -h. Let o = h + -1558. List the prime factors of o.
3, 73
Let f(a) = 414*a**2 - 228*a - 1325. List the prime factors of f(-6).
14947
Let a be 7 - 0/(5 + -2). Let o be (-5)/a + (-14)/49 - -62. Suppose 0 = -9*y + 10*y - o. List the prime factors of y.
61
Suppose 86*i = 22*i + 2526208. What are the prime factors of i?
2, 2467
Let f = -9111 - -16154. List the prime factors of f.
7043
Let k be 5/(125/(-10)) + (-310)/(-25). Suppose -45 = -5*p - 5*c, 2*c - 26 = -2*p - p. Suppose -k*w + 492 = -p*w. List the prime factors of w.
3, 41
Suppose -b + 5*h = -30, 3*b + 2*h = 7*h + 40. Suppose 4*s = -b*o + 3295, -12*o + 5*s = -15*o + 1990. List the prime factors of o.
5, 131
Let b be 8/24 + 31/(-3). Let o be 1954/b - (-3 + 26/10). Let c = -85 - o. What are the prime factors of c?
2, 5, 11
Suppose -3*q = y + 13, -12*y - q + 1 = -9*y. Suppose -5*x + 4721 = 4*r, -y*r - r - 2811 = -3*x. List the prime factors of x.
941
Suppose -74315 = -2*o - 5*w, -50*o + 3*w + 37130 = -49*o. What are the prime factors of o?
5, 17, 19, 23
Suppose -12 = 5*f - 37. Suppose -2*w - f*y + 2207 - 207 = 0, -4*y + 1006 = w. What are the prime factors of w?
2, 3, 5, 11
Suppose 3*x = -5*w + 3979, -3*w - x + 2385 = 2*x. Suppose 2*r - 319 = w. List the prime factors of r.
2, 3, 31
Suppose 12*d = 10*d + 6. Suppose -d*u - u = -16. Let h = u + 40. List the prime factors of h.
2, 11
Suppose 2*t - 2*p = -3*p + 16307, -4*p = -12. What are the prime factors of t?
2, 1019
Suppose 5*z - 12 = 8, 2*o = 5*z + 2748. Suppose -2*h + 4*h + 4*c - 928 = 0, -3*h + 2*c = -o. List the prime factors of h.
2, 3, 7, 11
Let z(j) = j**3 - 2*j**2 + 3. Let f be z(0). Suppose 0 = -f*u + 2645 - 710. What are the prime factors of u?
3, 5, 43
Let v = 2956 + 2056. What are the prime factors of v?
2, 7, 179
Suppose 5 = 4*v - 3*v. Let o(n) = 7*n**3 + 2*n**2 + n + 4. List the prime factors of o(v).
2, 467
Let z(g) = -14*g + 32. Let p be z(3). List the prime factors of ((-1648)/p)/(4/10).
2, 103
Let l(s) = -s**3 - 2*s**2 - 5*s - 7. Let v be l(-2). Suppose v*t + 5*j + 122 = 5*t, -4*t - 4*j + 272 = 0. What are the prime factors of t?
2, 3, 11
Let s(b) = b**2 - 4*b - 90. Let l be s(14). List the prime factors of (l*1)/(29/928).
2, 5
Suppose 0 = 211*d - 55*d + 12792. Suppose -57 = 3*r - 375. Let u = d + r. List the prime factors of u.
2, 3
Suppose p - 459*n + 457*n - 9658 = 0, -5*p + 48230 = 5*n. What are the prime factors of p?
2, 5, 193
Let i(w) = -1388*w + 974. List the prime factors of i(-7).
2, 5, 1069
Suppose -5*r + 147 = -258. Suppose 5*m - r = -96. List the prime factors of 1358/21 - (-2)/m.
2
Let k = 7090 - 3349. What are the prime factors of k?
3, 29, 43
Let n(u) = 13*u**3 + 15*u**2 + 6*u - 14. Let w(g) = 53*g**3 + 61*g**2 + 25*g - 58. Let q(j) = -9*n(j) + 2*w(j). List the prime factors of q(-5).
2, 3, 5
Let k(q) = q**3 + 4*q**2 + 4*q + 3. Let x be k(-2). Suppose 11*c - 3120 = x*c. Suppose -4*r + 306 = -r + 3*i, -4*r + 2*i = -c. List the prime factors of r.
3, 11
Suppose 12 = 4*a + 2*y, -3*y - 45 = -4*a - 13. Let o(c) = c**3 - 5*c**2 - c + 8. Let d be o(a). Let p = d + 11. List the prime factors of p.
2, 7
Let k be (-3)/6 + 28/8. Suppose j - 2 = -k*d + d, 4*d + 32 = j. List the prime factors of j.
2, 3
Let l = 320 - 873. Let b = l + 1285. List the prime factors of b.
2, 3, 61
Suppose 0 = 155*n - 156*n + 305. Suppose 0 = 22*w - 619 - n. What are the prime factors of w?
2, 3, 7
Let h(w) = w**3 + w + 26. Let o(b) = 2*b**3 - 11*b**2 + 5*b + 7. Let u be o(5). List the prime factors of h(u).
2, 47
Let j be 8 - 5/10*-2. Suppose -j*h = -8*h + 247. What are the prime factors of h/(-4) + (-6 - (-125)/20)?
2, 31
Suppose 5157151 = 217*b - 9901998. List the prime factors of b.
29, 2393
Suppose 3*w - 4 = 4*w + 2*d, 0 = -2*w + 5*d - 17. Let a be (30/9)/(-10) + (-650)/w. Suppose 9*r = 6*r + a. What are the prime factors of r?
2, 3
Let y = 9 + -2. Suppose -y*i + 4*i = -1170. Suppose -14*w = -17*w + i. What are the prime factors of w?
2, 5, 13
Let o be -1 + -2 - (-25 + 24). List the prime factors of (-2)/(-4 + o)*717.
239
Suppose 4*v - 5*t = -t + 3028, 3*v - 4*t = 2272. List the prime factors of v.
2, 3, 7
Let k be 106/(-53)*(6005/2)/(-5). Let t = -782 + k. List the prime factors of t.
419
Suppose 8 = 2*u + 4, -2*u - 12194 = -3*t. Let m = t + -2565. List the prime factors of m.
19, 79
Suppose 96 = -37*f + 38*f. Let h be (-20)/(-6)*f/20. Suppose -h*r + 5*r = -451. List the prime factors of r.
41
Let y = 390 + -386. Let m be 2/(-3) - 119/(-21). Suppose 494 = m*i + 4*o - 27, 